(c).
-7
Let p(o) be the first derivative of -5 + o + 1/2*o**2. Determine p(2).
3
Suppose 3*n - 16 = -40. Let s(q) = q**2 + 11*q + 16. Calculate s(n).
-8
Let n(k) = -k**2 + 5*k - 4. Suppose -j - 5*j - 48 = 0. Let a be 2/(j/(-92)) - 0. Suppose -5*t = -2 - a. Give n(t).
-4
Let t(s) be the second derivative of -7*s - 7/2*s**2 + 0 - 1/6*s**3. Suppose o = 2*g + 1, 0 = 3*g + 14 - 5. Calculate t(o).
-2
Let n be -3 + ((-2)/1 - -10). Suppose 2*c = 4*z - 12, n*z = -c + 26 - 4. Let g(v) = 0*v**c - 3*v**2 - v**2 + v - 1 + v. Determine g(1).
-3
Let v(o) be the third derivative of o**6/120 + 7*o**5/60 + o**4/12 + 5*o**3/3 - 490*o**2. Determine v(-7).
-4
Let l(m) = m - 5. Let w be l(7). Let a(y) = 6*y - w*y + 1 - 2*y - 3*y. What is a(6)?
-5
Let j(v) = v**3 + 2*v**2 - 13*v**2 + 12*v + 13*v - 36*v - 1. Give j(12).
11
Let u(x) = -x - 10. Let z = 2075 + -2084. What is u(z)?
-1
Let a(h) be the third derivative of h**5/60 - 3*h**4/8 + 17*h**3/6 - 283*h**2. Calculate a(6).
-1
Let l(t) = 2*t**3 + 36*t**2 - 4*t + 64. Let z(j) = -3*j**3 - 53*j**2 + 5*j - 96. Let r(h) = 7*l(h) + 5*z(h). Determine r(-13).
7
Let i(n) be the third derivative of -n**5/60 + n**4/8 - 3*n**2. Suppose 4*d - 77 = -13. Let y = d - 13. Determine i(y).
0
Let w(x) = x**2 - 7*x + 5. Let a = 82 + -77. Suppose 4*q = -a*b + 2 + 22, 3*b = -q + 13. Determine w(b).
-7
Suppose 2*k - 102 = -j, 4*k + 3*j + 0*j - 200 = 0. Suppose 0 = -2*o + 4*g - 6, 4*o + 9*g - 4*g = k. Let p(c) = o*c**2 - 1 + c - c**2 - 5*c**2. What is p(0)?
-1
Let s = 45 + -55. Let i be 46/s + 48/80. Let z(g) = 5*g - 5*g**2 - g**3 + 2*g**2 - 1 + 0*g. Give z(i).
-5
Let b(y) = -y - 1. Let i be b(-4). Let w(n) be the second derivative of -n**5/20 + n**4/6 + 5*n**3/6 - n**2 - 2*n - 37. Determine w(i).
4
Suppose 0*v - 4*v + 4 = 0. Let z(a) = 4 + 4*a - 2 - v - a. Calculate z(4).
13
Let g(u) = 3*u - 12. Let c(s) = 22*s**2 - 13*s - 3. Let p be c(1). Calculate g(p).
6
Let o(r) = -252 + 127 - 5*r + 129 - r**2. Calculate o(-6).
-2
Let k be 28/42*9*1/1. Let r(h) = -h**2 + h + 5. Calculate r(k).
-25
Suppose 0 = 5*o - 4*h - 38, -4*h = 5*o - 5*h - 32. Let c(y) be the second derivative of 0 + 17*y - 1/20*y**5 - 2*y**2 + 7/12*y**4 - 2/3*y**3. What is c(o)?
8
Let c be 3/4 - (-13)/4. Let u(h) be the third derivative of 3*h**2 + 1/12*h**4 - 5/6*h**3 + 0 + 0*h. Calculate u(c).
3
Let r(l) = -l**2 - 2*l**2 + 5*l - 4*l**2 + 6 - 3*l**2 + 9*l**2. Determine r(6).
0
Let q(z) be the third derivative of -z**6/120 + 7*z**5/60 - z**4/6 - 4*z**3/3 + 1655*z**2 + 1. Suppose -s - g = -5, -4*g - 28 = -4*s - 0*s. Determine q(s).
4
Let u(c) = -2*c - 331 + 665 - 335. Give u(-2).
3
Let a(o) = o**3 - 20*o**2 - 22*o + 26. Let x be a(21). Let i(q) = 5*q - x + 11 - 5*q + q**2 + 5*q. Give i(-4).
2
Let z(i) = 7*i + 4. Let j(d) = -13*d - 7. Let a(h) = -3*j(h) - 5*z(h). Let f be (-93)/(-21) + (-21)/49. Suppose 0*o = 4*o + f. Calculate a(o).
-3
Let v(x) = 2*x. Let c(s) = s**2 + 3*s - 7. Let w be c(-5). Let k(t) = 3*t + t**3 + 3 + 6*t**2 + w*t + 3. Let q be k(-5). What is v(q)?
2
Let u(s) be the second derivative of -s**5/20 + s**4/4 + s. Suppose 4*p + 38 = 2*h + 8*p, -4*h - 2*p = -28. What is u(h)?
0
Let h(s) = 3*s**2 - 3 + 4 - s + 0*s**2. Let q(r) = -r**3 + 4*r**2 + 1. Let y(g) = g**2 + 4*g + 4. Let k be y(-4). Let u be q(k). Calculate h(u).
3
Let y(v) be the first derivative of -1 + 12 - 3*v**2 + 2*v**2 + 0*v**2. Give y(6).
-12
Let y(k) = -k**2 - k + 1. Let p(h) = -3*h - 6. Let x be p(-5). Let n(d) = -2*d**2 + 9*d**2 + 2*d + x*d - 7. Let w(c) = -n(c) - 6*y(c). Give w(-4).
5
Suppose -4*d - f + 40 = 0, 0 = 5*d + f + 3*f - 50. Suppose 0 = d*j - 8 - 2. Let p(i) = 6*i**2 - i. What is p(j)?
5
Let a(i) = 4*i + 3. Suppose 5*p = -r + 1, -r + 5 = 4. Determine a(p).
3
Let l = 96 + -94. Suppose g + x - 5 = l*g, 5*x - 17 = 4*g. Let s(i) = -i - 8. Calculate s(g).
0
Let j(o) = -o**2 + 13*o + 11. Suppose -9*p + 72 + 54 = 0. Determine j(p).
-3
Let y be (-1)/(1 + 0) - -8. Let p(i) = i - 16 + 11 + 0*i + 16 - 2*i. What is p(y)?
4
Let g(l) = -159*l**2 - 11*l - 157*l**2 - 2 - 4 + 315*l**2. Calculate g(-4).
22
Let f(u) = 18*u**2 + 89*u - 6. Let j be f(-5). Let w(i) = 2 + 0 - 9*i - 1. Give w(j).
10
Suppose 5*g - 2 = 5*f + 28, 0 = -f - 3. Let q(p) = 0 + 0*p**3 - 1 - 5*p**g. Suppose 8 = -2*z, 0 = h - 5*z + 3*z - 9. Calculate q(h).
-6
Let y(d) = d**2 - 6*d - 132. Let t be y(15). Let f(s) = s**t - 5 + 1 + 5*s + 0 + 5 - 7*s**2. Let c = -7 + 13. Calculate f(c).
-5
Let p(q) = q**2 + q - 1. Let y = 15 + -13. Let f(s) = -30*s + 5 + 26*s - 4*s**y + 2*s**2. Let k(d) = f(d) + p(d). Determine k(-5).
-6
Let q(o) = -o**3 + 7*o**2 - 2*o - 12. Suppose 3*x + b - 3 - 12 = 0, -5*x + 2*b = -36. What is q(x)?
12
Let c(u) = -2*u - 3. Let q(b) be the second derivative of b**4/12 - 4*b**3/3 + 5*b**2 + 31*b. Let s be q(5). What is c(s)?
7
Let u(k) = -k**3 + 4*k**2 - 3*k - 5. Suppose 5*z = 5 + 15. Determine u(z).
-17
Suppose -8 = 4*q - n, -10 + 0 = 5*q - n. Let g be (-6)/(-3)*3/q. Let i(y) = 6 + 2*y - 3 - 2 - 5*y. Determine i(g).
10
Let v(k) = 2*k - 38. Let z be v(21). Let r(w) = w**3 - 6*w**2 + 7*w - 5. Give r(z).
-9
Let l(g) = g**2 + 7*g - 7. Suppose 22 + 10 = 8*o. Suppose -4*c = o*a + 32, 2*c = -0*c + 4*a - 16. Calculate l(c).
1
Let l(f) = -7*f + 10 - 316*f**2 + 315*f**2 - 2. What is l(-7)?
8
Let l(i) = -2*i - 24. Suppose 55*h + 130 = 42*h. Give l(h).
-4
Let f(i) be the first derivative of i**3/6 - i**2/2 + 37*i - 59. Let g(b) be the first derivative of f(b). What is g(-3)?
-4
Let i(f) be the first derivative of f**5/120 + f**4/3 + 2*f**3 + 11. Let z(q) be the third derivative of i(q). Let l be (-1 - -1)*2/(-4). Calculate z(l).
8
Let d(u) = -u**2 + 3*u + 2. Let h(r) = -r**2 + 2*r + 1. Let c(p) = -4*d(p) + 5*h(p). Let f be 3/2*(2 - 4). Let t(s) = 2*s + 4. Let j be t(f). Give c(j).
-3
Let b(q) = -5*q - 2. Let w(f) = 6*f + 3. Let r(c) = 7*b(c) + 6*w(c). Suppose -9*t = -4*t - 3*n - 12, 8 = 3*t - 2*n. What is r(t)?
4
Let t(h) = 6 + 1 + 7*h + 0*h**2 + h**2. Suppose -5*d - 6*d - 55 = 0. What is t(d)?
-3
Let g(v) = v**3 - 10*v**2 + v - 8. Suppose -4*o + 162 = 58. Let p = 36 - o. What is g(p)?
2
Let v(p) = 7*p**2 - p. Let f be (-21)/(-35) - -1 - (-6)/(-10). What is v(f)?
6
Suppose 4*c + 0*x = -5*x + 20, 3*x = -2*c + 10. Let r = 18 + 3. Let t(g) = r*g - 40*g + 17*g. Give t(c).
-10
Let j(x) = -x**2 + 5*x - 1. Let l = -187 - -191. Calculate j(l).
3
Suppose -4*m = -4*w - 32, 189*m = -3*w + 186*m - 36. Let j(o) = o**2 + 7*o - 14. Give j(w).
16
Let c(i) = -3 + 23*i**2 - 56*i**2 + 32*i**2 - 9*i. Give c(-9).
-3
Let w(c) = -c - 4. Let k(g) = -4*g**2 + 2*g + 2. Let i be k(2). Let h be w(i). Let n(t) = -t**3 + 6*t**2 + t + 1. Calculate n(h).
7
Let p be (-2)/(6 - 2)*-14. Let o = p - 12. Let m(w) = w**3 - w**2 + w - 3. Let n(c) = 2*c**3 - 7*c**2 + 6*c - 14. Let d(r) = 3*m(r) - n(r). Determine d(o).
-5
Let x(k) = -k**2 + 13*k + 11. Let s(v) = v**3 - 34*v**2 - 114*v + 123. Let m be s(37). Determine x(m).
23
Suppose 4*i = -0*i + 12. Let g(l) = 113*l + i + 1 - 112*l. What is g(-9)?
-5
Let o(r) be the first derivative of -28 - 5/3*r**3 - 5/2*r**2 - 1/4*r**4 - 3*r. Give o(-3).
-6
Let y(g) = -11*g**2 + 4*g - 7*g - 2 - 8*g - g**3. Let w(t) = -12*t - 82. Let h be w(-6). Give y(h).
8
Suppose -2*v + 5 = 1. Suppose 0 = v*d - 7*d - 55. Let c = -12 - d. Let w(l) = 13*l + 1. Calculate w(c).
-12
Let b(y) = -28*y**2 - 2*y + 4. Let a(u) = -10*u**2 - u + 1. Let s(w) = -11*a(w) + 4*b(w). Give s(4).
-15
Let l(a) = 15*a**2 + 1. Let p(b) = -7 + 41*b - 6 - 36*b - 11. Let z be p(5). Determine l(z).
16
Let d(h) = -h + 3. Suppose -1 - 5 = 3*k. Let f be 14/3 + k/3. Suppose 0 = -j - 0 + f. Determine d(j).
-1
Let i(d) = 2*d + 5. Let h be 2*2*6/8. Suppose -h*f + 7*f - 5*g = 13, 0 = 2*g + 10. Let l be f/(-6 - -3) - 7. Calculate i(l).
-7
Let m(y) be the third derivative of 17*y**7/2520 - y**5/120 + y**4/6 + 6*y**2. Let q(n) be the second derivative of m(n). Give q(1).
16
Let b(j) = -j - 9. Let k be 60/(-9)*(7/2 + -2). Let p be b(k). Let v(z) = z**2 - 3*z + 1. Give v(p).
-1
Let k(v) = -v**3 - 8*v**2 - 6*v + 5. Let h = 9 - 5. Let g be 5 + (16/(-24))/((-2)/(-3)). Suppose -h*y + g = 32. Give k(y).
-2
Suppose -9*d = -6*d + 15. Let h(m) = 6*m**3 + m. Let k(a) = 8*a**3 + 2*a**2 - a**2 - 7*a**3. Let c(f) = d*k(f) + h(f). What is c(5)?
5
Let w = 7 + -6. Let g(y) = -y. Let n be g(w). Let l(f) =